+ 4 + 0.
2
Evaluate (3 + 2 + -11 - -2) + 6.
2
What is the value of 2 + -1 - (-1 + -2)?
4
What is the value of 16 + -16 + (0 - 4)?
-4
Calculate 3 + (-2 - 2 - (2 + -3)).
0
What is the value of 1 + -4 - (0 + -9 + 4)?
2
What is -10 + (-2 - -3) + 4?
-5
What is the value of 5 - (7 + (-1 - -4))?
-5
What is the value of -2 + 4 + -7 + (2 - 0)?
-3
Evaluate (9 - -3) + -6 - (0 - -1).
5
What is the value of -5 - (9 + -7) - -4?
-3
Calculate (8 - 6 - (-1 + 3)) + 0.
0
What is (24 - 20) + 7 + -3?
8
Evaluate -3 + (-3 - -3) - -3.
0
Calculate 52 - 46 - (6 - -1).
-1
What is the value of 7 + 0 + (59 - 67)?
-1
-6 - (1 + 6 + -5)
-8
What is the value of -5 - (8 + (-10 - -8) + -6)?
-5
What is -1 + 1 - (0 - (-3 - -5))?
2
What is 3 - (-5 + 3 + 3)?
2
What is (-4 - -10 - 2) + -7?
-3
What is -1 - (-4 - (-4 - -1))?
0
What is -14 + (2 - 5) + 9?
-8
1 - (1 - -2) - (57 - 56)
-3
What is -9 + 8 + (-1 - 4)?
-6
(16 - 5) + -5 + -3 - 10
-7
Calculate 5 + -2 + -10 + 0.
-7
What is the value of 0 + (9 - 8) + -9?
-8
Calculate (4 + -8 - 0) + 2.
-2
Evaluate 2 - (1 - -2 - 1).
0
What is (10 - (5 + -5 + 4)) + -5?
1
(1 - (-2 + 5)) + 4
2
What is the value of 1 + 2 - (0 + -2)?
5
7 - 10 - 9 - -8
-4
Evaluate -5 + 2 - (2 - (6 - 2)).
-1
Evaluate 4 + -1 - (12 - 6 - 8).
5
Calculate -1 + -3 + 3 - -2.
1
What is -8 + 2 + 2 + 5?
1
What is 3 + -2 + -2 + -4 + 4?
-1
Calculate (-3 - (-7 - 0)) + -10 + 2.
-4
-8 + (10 - (-1 - -2))
1
Evaluate (-133 - -136) + -12 + 2.
-7
What is the value of 1 - ((4 - 4) + -1)?
2
What is -2 + -2 - (-8 - (0 + -5))?
-1
(8 - 4) + 1 + 0
5
Calculate 11 - ((-9 - -6) + 9).
5
What is the value of 1 - (7 - (2 + 5))?
1
4 - (-2 + -2 + 4 + 4)
0
Calculate (6 - 0 - 6) + -5.
-5
Calculate -35 + 5 + 10 - -10.
-10
What is the value of (4 - (7 - -6)) + 2 + -4?
-11
Evaluate (-7 - -5) + (0 - 2).
-4
What is 1 - -1 - (32 - 30)?
0
2 - -1 - (2 - (-1 - 0))
0
Evaluate 5 + (-5 + 10 - 9).
1
What is the value of -9 + 12 + (-8 - -1) + 11?
7
Evaluate -9 + 2 + 14 + -2.
5
What is 0 + -14 + -1 + 10?
-5
What is the value of 11 - (5 + 10) - -10?
6
Evaluate 6 + (-1 - (2 - 0)).
3
Calculate 6 + 1 - (199 - 196).
4
Evaluate -18 + -1 + 13 - -1.
-5
-15 + 16 + (1 - 4)
-2
5 + -8 - (1 + 0 + -10)
6
What is -1 - -5 - (-2 - -11)?
-5
Calculate 9 + (-4 - 2) + 3.
6
What is -4 + 5 + 0 + 0 + 1?
2
-3 - ((-2 - 0) + -1)
0
Evaluate 5 - ((0 + 4 - 0) + -3).
4
1 + -5 + 2 + 0 + 0
-2
Calculate -3 + 3 + 0 - (0 + -3).
3
What is the value of -6 - (0 - 6) - (0 - -7)?
-7
What is -5 - (7 - 15 - -9)?
-6
(-2 - 9) + 11 + -7
-7
Evaluate (-2 - -9) + -1 - 1.
5
Calculate 4 + -4 + (1 - -2).
3
6 - (4 + 0 + -3 + 9)
-4
Evaluate 0 - (-1 + (0 - -3)).
-2
Calculate 1 + 0 + (134 - 138).
-3
Evaluate 4 + (-3 - -2 - (22 - 22)).
3
Evaluate 8 - 12 - (14 + -18).
0
-3 + -3 + (3 - -1)
-2
(3 - 4 - -2) + -1
0
What is the value of 3 - 5 - (-4 + 5 - 7)?
4
What is (6 + -4 - (1 + 0)) + 0?
1
Evaluate -7 - -16 - (0 - (-1 - 3)).
5
Calculate (-8 - -1) + (-24 - -32).
1
Evaluate -36 + 33 + (-6 - (-2 + 0)).
-7
What is 5 + (-1 - 1) - -2?
5
Calculate (-22 - -17) + (9 - 1).
3
Evaluate -1 + 8 + -12 + 9.
4
What is the value of 4 + -7 + -2 - (-7 - 3)?
5
What is 0 + -1 + 0 + 4 + -5?
-2
What is 0 - -2 - (-10 + 8)?
4
0 + (3 - 4) + 0
-1
Evaluate (7 - (10 - 3)) + (0 - -1).
1
Calculate 1 + -5 - -5 - 0.
1
What is the value of 3 + -1 + (0 - 0) + -1?
1
What is 3 + -7 - (-1 - -3 - 7)?
1
What is the value of -6 + 0 + (-5 - (4 + -14))?
-1
What is the value of -6 + 4 - (-3 - 1 - 3)?
5
What is the value of (-12 - 2) + 16 - (-2 - 1)?
5
What is (4 - 1) + (8 - (-6 + 8))?
9
What is -4 + (2 - (6 - 6)) - -5?
3
-5 + -3 + -1 + 11
2
Calculate 4 + (2 + -16 - -5).
-5
What is the value of -3 + -5 - -15 - 13?
-6
(6 - (-2 - -3)) + -1
4
What is the value of 1 + (-4 - 1) + -1?
-5
What is (-16 - -25) + (-6 - -6)?
9
0 - ((6 - 2) + 0)
-4
Evaluate -4 + (-1 + 2 - (-10 - -13)).
-6
What is the value of 14 + -12 + -1 + -6?
-5
(3 - 1 - 0) + (-40 - -38)
0
What is 1 + -1 + (11 - 15)?
-4
What is the value of (-1 - (5 + -5)) + (-3 - -1)?
-3
What is the value of 4 - (-8 - -6 - (-3 - -1))?
4
What is 14 + -3 - (3 + 16)?
-8
What is (-2 - 1) + -16 + 16?
-3
10 + -11 + -3 + 3
-1
What is 7 - -3 - (-1 - -6)?
5
Evaluate 3 - (0 + (1 - -2) - 5).
5
What is the value of -1 - (-1 + -3 - -5)?
-2
What is -1 + 5 + 1 - -4?
9
(-2 - (1 + -3)) + 4
4
Evaluate (6 + -1 - 10) + -1 + 5.
-1
What is -1 - 1 - (8 + -5)?
-5
Calculate (2 - 0) + (0 + 1 - 0).
3
What is -14 + (1 - -5) + 2?
-6
Evaluate -4 + (-10 + 5 - -9).
0
Calculate 3 - (11 + -6 - (1 - -2)).
1
Calculate 2 + -3 - (4 + 0 - -1).
-6
Evaluate -6 + 1 - (-3 - -1).
-3
What is the value of 1 + 0 - (1 - -3 - 1)?
-2
What is 2 + (4 - 5 - -4)?
5
What is the value of 1 + (2 - 0) - (5 + -3)?
1
Evaluate 1 - 2 - (8 + -3 - 3).
-3
3 + 1 + (-28 - -4) + 30
10
-1 - (6 + (-1 - 2))
-4
Evaluate 4 - (2 + 6 + 1).
-5
What is the value of 14 + 1 + 19 + -11 + -15?
8
2 + 6 + -5 + -4 + 5
4
What is 4 + 0 + -8 + 4?
0
What is -8 + 0 - (130 - 137)?
-1
Calculate 4 + -6 + -2 - -1.
-3
What is the value of 28 + -9 - (1 - -10)?
8
Calculate 44 + -40 - (0 - -5).
-1
What is the value of (7 - 3) + -1 + -2?
1
Evaluate 0 + (-10 - (-3 - 2)).
-5
(-4 - 6) + (-3 - -6) - -2
-5
-6 + (1 - (-2 - 4))
1
Evaluate -1 + 2 + -1 - (5 - -1).
-6
-21 - -22 - (-4 - -7)
-2
Calculate -2 + (10 - ((4 - 0) + 0)).
4
Calculate -5 - -1 - (-11 - 2).
9
Evaluate 19 - 11 - (1 - -3).
4
What is the value of 20 + -18 + -5 + (-2 - -1)?
-4
Evaluate (6 - (24 - 6)) + 7.
-5
What is the value of (-4 - (1 + -6) - 3) + 7?
5
What is 0 + -13 + (-35 - -44)?
-4
What is -9 + -4 + (16 - 9)?
-6
Evaluate 137 + -130 + (-1 - 7).
-1
Evaluate -7 - 0 - (15 - (6 + 12)).
-4
Evaluate (3 - (13 + -3)) + 11.
4
What is 176 - 186 - (-13 + 1)?
2
Calculate (1 - (-2 + 2)) + 2 + 2.
5
-1 - ((-2 + 5 - 0) + -6)
2
What is -1 - 4 - -4 - 2?
-3
What is 13 + 1 + (-62 - -51)?
3
Calculate 2 + -2 + 3 + 1 + 1.
5
What is (-1 - -9) + 10 + -9?
9
What is the value of 1 + 8 - 6 - (6 + -2)?
-1
Evaluate (-1 - (-5 + 6)) + 5.
3
What is (17 - 17) + (1 - 3 - -6)?
4
What is 0 + -1 + -1 + (-5 - -2)?
-5
What is the value of (-1 - (-8 + 4 + 11)) + 2?
-6
-5 + 6 - (-2 - 2)
5
Evaluate -21 + 17 + 1 + 3 + -1.
-1
Calculate 0 + -7 - 4 - -5.
-6
(15 - 11) + -10 - -11
5
7 + (-3 - 0) - 1
3
What is the value of (-5 - (-13 - -3)) + 1 + -1?
5
What is -24 - -29 - (-1 + 6)?
0
What is 0 + (1 - 12 - -16)?
5
Evaluate (1 - -1) + -1 - 3.
-2
Calculate -10 - ((-9 - -10) + -6 + -1).
-4
Calculate -3 + (-3 - (-11 - -4)) - 0.
1
What is the value of 7 - (7 - -4) - (1 + -2)?
-3
Calculate -2 + (1 - 13) + 8.
-6
(-5 - (-7 - -1) - 2) + 2
1
Evaluate -7 - (6 + -4 - (-2 + 6)).
-5
-1 + -10 + (-2 - -12)
-1
-2 + 2 + (5 - 4) + 1
2
Evaluate (-8 - -14) + -11 + 14 + -4.
5
What is (-4 - 0 - (-1 + -4)) + -4?
-3
What is -13 - (-5 - (-5 - -6))?
-7
What is the value of -3 - (-9 - (3 - 5)) - 5?
-1
3 - (6 + -7 - -4)
0
What is the value of (-9 - -6 - -8) + -8?
-3
What is the value of 1 + (3 - (7 - -3))?
-6
Calculate -1 + 1 - (3 + (-2 - 0)).
-1
What is the value of 2 + -1 + -6 + (-1 - -3)?
-3
Evaluate 0 + -7 + 2 + 6.
1
What is the value of (-3 + 0 - -6) + -5?
-2
Evaluate 2 - -1 - (-22 - -20).
5
What is the value of 4 - (2 - (0 - -1))?
3
What is the value of 1 + 2 + -1 + 0 + -6?
-4
-75 - -82 - ((2 - 0) + 0)
5
What is the value of -3 + -2 - (-9 - -7)?
-3
What is the value of (11 - 0) + -2 - 7?
2
What is the value of (-7 - (-9 - -5)) + 5?
2
Calculate (-6 - 0) + (-16 - -13 - -9).
0
Calculate -4 + 1 - (-11 + 2).
6
What is the value of -6 + 0 + (3 - 2)?
-5
Calculate -34 + 46 + (-1 - 5).
6
Calculate 6 - 0 - (1 + 3) - 7.
-5
What is (9 - 9 - (4 - 0)) + -5?
-9
What is the value of -1 - 2 - (8 + -10)?
-1
What is the value of -2 + (2 - (-1 - 0))?
1
(-1 - (-1 + (-1 - -3))) + 2
0
What is the value of 2 - (9 - (2 - -1))?
-4
Calculate 36 + -34 - (0 - -1).
1
Calculate 12 + -7 + 2 - 4.
3
What is the value of 5 + -4 + (-4 - (-1 - 1))?
-1
What is the value of (-1 + 1 - -3 - 1) + 3?
5
What is -46 - -39 - (-2 - 10)?
5
Calculate 8 + (4 - 11) + (3 - 3).
1
Evaluate 2 - 3 - (2 - 1) - 1.
-3
Evaluate -3 + 4 - (1 + (1 - -1)).
-2
What is the value of 5 + -5 + -1 + 5 + 1?
5
Calculate 2 + -2 + (4 - 4) + 1.
1
Evaluate -7 - (-6 + 7 + 0).
-8
What is -1 + -1 - (2 - 2)?
-2
What is -1 + (6 - 13) + 2 + 0?
-6
3 + 5 + -5 + 1 + 1
5
What is -4 - (2 + 0 - 5)?
-1
What is -11 - (3 + (6 - 8) + -4)?
-8
-3 + -11 + 3 - -4 - -6
-1
What i